) = -i**3 + 11*i**2 - 2*i + 27. Let c be w(11). Let v be o(c). Suppose -9*a - v = -215. Is a prime?
False
Is (-2 + 949)*(-15)/(12/(-4)) a composite number?
True
Let g(f) = 1148*f - 129. Is g(30) a prime number?
False
Is ((-30)/285 - (-15)/(-38))*-25862 prime?
False
Let x = 3675 - 1744. Is x a prime number?
True
Let c(d) = 41*d**2 - 33*d - 1. Is c(-4) prime?
True
Let w(k) = 3*k**2 - 14*k + 7. Let u be w(9). Suppose -3*m = m - 20. Suppose m*b = b + u. Is b a prime number?
True
Is (1 + -6)/(153279/19161 - 8) a prime number?
False
Suppose -5*y - u + 31 = 3*u, -4*u + 1 = -5*y. Let m(k) = -k**y - 12*k - 12*k**2 - k - 14 - k + k**2. Is m(-10) a composite number?
True
Let b(r) be the third derivative of 0 - 1/2*r**3 + r**2 - 5/6*r**4 + 0*r. Is b(-3) a composite number?
True
Suppose 8*n = 17*n - 45. Suppose -7*l + n*l = -130. Is l composite?
True
Let s be 1910/40 - (-1)/4. Suppose 3*k - 2*v - s = 0, 0 = -5*k - v - v + 64. Let h = 45 - k. Is h prime?
True
Let a = -15176 - -24777. Is a composite?
False
Let p be 2 + -3 + 1777 + -1. Suppose -3*i + 30 = 12. Suppose p = -h + i*h. Is h a prime number?
False
Let m(i) = 9*i**3 - 3*i**2 + 5*i + 6. Suppose t + 2*t - 7 = -2*c, 0 = -3*c - 12. Is m(t) prime?
False
Suppose 1876 = -27*g + 31*g. Suppose -5*l = -2*h - 1167, 0*h - g = -2*l + 3*h. Is l prime?
True
Suppose 3069 = 5*u - 8861. Let m = u + -1702. Is -2*(m/(-8) + 4) composite?
False
Let j(x) = -1146*x + 17. Let i = -126 - -121. Is j(i) a prime number?
False
Suppose 5*w + 2225 = 4*v, 2*v - 1077 = -5*w + 28. Let j = v - 248. Is j a prime number?
True
Let r(b) = b - 5. Let z = 14 - 9. Let n be r(z). Suppose -2*t + 15 + 79 = n. Is t prime?
True
Let c(m) = 10*m**3 - 3*m**2 - 8*m + 2. Let d be c(-3). Suppose 2*b = -83 - 143. Let x = b - d. Is x a composite number?
True
Let b = -228 - -643. Is b a prime number?
False
Let a be (-10)/(-4)*(-20)/(-25). Suppose -2*u - s = -501, u + 2*s = -a*s + 233. Is u a composite number?
True
Suppose 0*s + s = -3, -t - 1 = 2*s. Suppose -5 = -5*q, -221 = -4*j - t*q - 32. Is (3/(-3))/((-2)/j) composite?
False
Let u = 14 - -10. Suppose 700 = u*z - 20*z. Suppose -z + 34 = -3*c. Is c composite?
False
Let t = 190 - -62. Let f = 5 + -2. Suppose -3*l + 5*r = -t, f*r = l + 4*l - 436. Is l composite?
False
Let i(p) = p**3 - p**2 + 2*p + 3. Let x be i(0). Suppose -x*w = -2*w - 155. Is w a prime number?
False
Let p = 11 + -13. Let t be p - 186/((-6)/(-3)). Let q = t + 148. Is q a composite number?
False
Suppose 0 = 9*g - 5*g - 28. Suppose -49 = a - g. Let j = 7 - a. Is j composite?
True
Suppose 18358 = -743*i + 745*i. Is i a prime number?
False
Suppose -3*k - 2*k - 3*p + 5618 = 0, -5*k - p + 5616 = 0. Let t = -144 + k. Is t a prime number?
False
Let j be 2/1*65/26. Suppose 4*b - 786 = -2*a, -3*a - 4*b + 1203 = -6*b. Suppose -1124 = -j*c - a. Is c a prime number?
False
Let i(w) = 2*w**2 - 15*w + 27. Let o be i(11). Suppose -x + 339 = -o. Is x prime?
True
Let b be (6/4)/(1/(-2)). Let c(z) = 1 + 6*z + 4*z**2 + 8*z**2 - 15*z + 7*z. Is c(b) composite?
True
Suppose -6*a - 2*a + 120 = 0. Let o be (a + -6)*(-4)/(-3). Suppose -4*h + 248 = -o. Is h composite?
True
Let o(r) = 2*r - 3. Let d(z) = -4*z + 5. Let b(g) = 4*d(g) + 7*o(g). Let c be 2*-5 + -1 + 1. Is b(c) a prime number?
True
Let n = -52 + 84. Let k be -4*6*(-4)/n. Suppose k*m + 6 = 0, -1652 = -4*a - 5*m + m. Is a composite?
True
Let q = 10788 + -7527. Is q prime?
False
Let y(m) be the first derivative of 431*m**4/4 - 2*m**3/3 + 2*m**2 - 2*m - 10. Is y(1) composite?
False
Let l be 5/((-20)/2)*12. Is ((-244)/l)/(46/207) prime?
False
Suppose 9*o - 6*o - 19689 = -3*m, -2*m + 13126 = 4*o. Is m prime?
True
Suppose 2*g = -o - 36, 0*o + 4*o = -5*g - 147. Let l = 197 - 300. Let a = o - l. Is a composite?
True
Suppose 0 = 8*n - 3*n + 60. Let i = n + 12. Suppose i = 2*c - 53 - 321. Is c composite?
True
Suppose 4*b + 24 = 2*v, 5*v + 0*v - 36 = 2*b. Suppose 2*x + 16 = v*x. Suppose -4*u = -5*i + 706, x*i + u + u = 570. Is i a composite number?
True
Let d(v) = -9*v + 27 + 72*v + 13*v. Is d(8) a composite number?
True
Let x(y) = 2*y + 28. Let b be x(-12). Suppose -3*n = v - 2501, n = 4*v + b*n - 9986. Is v a prime number?
False
Suppose 0 = 4*i - 3*i - 4. Suppose -i*h + 4*j + 4160 = 616, 5*h = -4*j + 4457. Is h composite?
True
Let d(v) = -2*v - v + 260 + 5*v - v**2 - 3*v. Let i be d(0). Suppose 2*k + 240 + 20 = 4*a, 4*a = k + i. Is a composite?
True
Let n = 6133 - 2522. Is n a composite number?
True
Suppose -5*a - 31 = -11. Let r(q) = -40*q + 1. Is r(a) a prime number?
False
Let p(h) = 27*h - 28. Suppose 3*o = 6*o - 54. Let g = -5 + o. Is p(g) a prime number?
False
Let k be ((-5)/(-3))/(1/(-12)). Let p(n) = -17*n + 4. Let a be p(2). Is k/a*(-291)/(-2) composite?
False
Let g be 0 + -3 + 1 + 0. Is 3/(-4 + -2)*(-156 + g) a composite number?
False
Let b(n) = 69*n - 7. Let t(s) = -69*s + 6. Let u(f) = 2*b(f) + 3*t(f). Is u(-3) a prime number?
True
Let s = -42974 + 60715. Is s a composite number?
True
Let i(f) = -30*f**3 - 9*f**2 + 11*f + 13. Is i(-6) a composite number?
True
Suppose -4*j - 3*b + 981 = 0, -j + b = -6 - 241. Suppose -5*i + 3*i = -j. Is i composite?
True
Suppose 0 = 4*c - 3*c - 979. Is c composite?
True
Suppose 5*y - 117 = -q - q, -4*q = 3*y - 73. Suppose -y*n = -25*n + 2942. Is n a prime number?
True
Let f be (-3)/1*20/(-12). Suppose 5*m - f = 5. Suppose -5*h = -m*w + 123, 3*h + 1 = 2*h. Is w composite?
False
Let u be (-1 + -3)/4 - -176. Suppose -2*m + u = -433. Let r = 485 - m. Is r prime?
True
Let m(i) = i**3 - 7*i**2 - 9*i + 8. Let v(x) = x**3 + 4*x**2 + x + 3. Let g = 23 + -26. Let u be v(g). Is m(u) a composite number?
False
Suppose 15 = 4*i + 3. Suppose 0 = -i*v + v + 892. Is v composite?
True
Is (-10)/100 - (-2562777)/70 a prime number?
False
Let g be (-3)/(-3) + 4 + -13. Let s(q) = -2*q**3 - 5*q**2 + 5*q + 6. Let t(u) = u**3 - u**2 + u + 1. Let k(z) = s(z) + t(z). Is k(g) composite?
True
Suppose -33*w - 32093 = -438752. Is w prime?
True
Suppose -188*g + 183*g + 29485 = 0. Is g prime?
True
Suppose 6*i + 17 - 59 = 0. Let t(v) = v**3 - 5*v**2 + 16*v + 5. Is t(i) composite?
True
Let k(t) = -4*t**2 + 8*t - 8. Let z be k(5). Let p = 621 + z. Is p prime?
False
Let s be ((-14)/(-4))/(-7)*-28. Let h = 267 + s. Suppose h = 3*k - 154. Is k prime?
False
Let t(x) = -x + 203. Let d = -14 - -16. Suppose -2*k = d*k. Is t(k) a prime number?
False
Suppose 2*y + 4493 = 3*p + 7*y, 5*p + 4*y = 7484. Suppose 3*x - p = 1135. Is x a composite number?
False
Let t = -484 + 5063. Is t composite?
True
Let w = -737 + 731. Suppose 5*x + 2051 = -2019. Is x*(0 - (-3)/w) a composite number?
True
Let c = -24 - -34. Suppose -4*i - 762 = -c*i. Is i composite?
False
Suppose -3*m = -0*q - 2*q + 6, -5*q + 3*m = -15. Suppose -245 = 2*f - 7*f - 2*s, -245 = -5*f - q*s. Let v = f + 37. Is v a composite number?
True
Suppose -25821 = -7*h + 4*h + 3*d, 0 = 5*d - 10. Is h composite?
False
Let g(v) = v**2 + v. Let z(u) = -u**3 - u. Let h be z(1). Let d be g(h). Is 2/(d/3) + 550 a prime number?
False
Let c = 7375 + -3662. Is c prime?
False
Let s be ((-18)/8)/((-6)/8). Let l(t) = 0 + 2*t**2 + 2 - 3*t + 80*t**s + 448*t**3. Is l(1) prime?
False
Let l = -31 + 72. Suppose 0 = -l*v + 43*v - 758. Is v composite?
False
Let n(j) be the third derivative of -j**6/60 - 7*j**5/60 - 5*j**4/12 - j**3 + 13*j**2. Is n(-7) prime?
False
Suppose 14*i - 251514 = -4*i. Is i a prime number?
False
Let q(a) = 77*a**2 - 49*a + 589. Is q(15) a prime number?
False
Let a(v) = -v - 6. Suppose -r - 50 = 4*r. Let u be a(r). Is -10*(-69)/24*u composite?
True
Let r be (2 + 3627/(-6))*2. Let o be (-13190)/(-7) - (-18)/(-63). Let a = r + o. Is a a prime number?
False
Suppose -14693 - 80653 = -18*f. Is f composite?
False
Suppose 4*u - 6355 = -5*r, -r - 5084 = -5*r + u. Is r a composite number?
True
Suppose 4*l = -3*v + 14764, 2*v = -l - 62 + 3753. Is l prime?
True
Let c = 9 + -5. Let q be 2/5 - c/10. Suppose q = 5*b + t - 372, 31 = b + 5*t - 53. Is b composite?
True
Suppose 2751 = 9*u - 1236. Is u a prime number?
True
Let k = 91 + -220. Is (-1 + 4/12)*3 - k composite?
False
Suppose p = 15 + 157. Suppose 0 = 3*a + a - 204. Let v = a + p. Is v composite?
False
Let g = 1464 - 4017. Let l = -1466 - g. Is l composite?
False
Suppose -3*h + 4962 = 3*f, -3*f = -2*f + 2*h - 1653. Is f